{"id":135,"date":"2019-01-10T22:13:56","date_gmt":"2019-01-10T22:13:56","guid":{"rendered":"http:\/\/server2web.com\/magnasco\/?page_id=135"},"modified":"2019-05-20T13:24:09","modified_gmt":"2019-05-20T13:24:09","slug":"institucional","status":"publish","type":"page","link":"http:\/\/www.institutomagnasco.org.ar\/?page_id=135","title":{"rendered":"Institucional"},"content":{"rendered":"<p>[vc_row][vc_column][vc_column_text]<span style=\"font-size: 19px;\">El<strong>\u00a0Instituto<\/strong>\u00a0<\/span><\/p>\n<p>El Instituto es un complejo cultural privado, sin fines de lucro, fundado el 19 de junio 1898 por iniciativa de dos j\u00f3venes educadoras: Camila Nievas y Luisa Bugnone. En 1920, a la muerte del Dr. Osvaldo Magnasco -orador, escritor, legislador y ministro de Justicia e Instrucci\u00f3n P\u00fablica-, hijo de Gualeguaych\u00fa y benefactor de la instituci\u00f3n, cambi\u00f3 su denominaci\u00f3n a Instituto Magnasco.<\/p>\n<p>Con el tiempo, la entidad ha ido creciendo en bienes y servicios culturales y educativos, gracias al apoyo de personas ilustradas del medio que legaron bibliotecas completas, documentos, obras de arte, piezas de valor hist\u00f3rico.<\/p>\n<p>La mayor parte del complejo est\u00e1 afectado al Museo, a la Biblioteca Olegario V. Andrade y a actividades educativas y culturales. Forma parte tambi\u00e9n del Magnasco, una escuela ubicada contigua al Instituto: la Escuela N\u00b0 46 de Capacitaci\u00f3n Laboral Camila Nievas. Incluye entre sus amplias instalaciones un c\u00f3modo Anfiteatro, nueve aulas equipadas y una sala de Ingl\u00e9s.<\/p>\n<p>La entidad est\u00e1 a cargo de una comisi\u00f3n directiva que mantiene los fines de su creaci\u00f3n y enriquece continuamente el patrimonio cultural.<\/p>\n<p>Se mantiene gracias al aporte de socios benefactores y adherentes.<\/p>\n<p>Nuestro horario de atenci\u00f3n es de lunes a viernes de 16 a 20 en Camila Nievas 78, Gualeguaych\u00fa, Entre R\u00edos.<\/p>\n<p><strong><span style=\"font-size: 20px;\">\u00c1reas destacadas<\/span><\/strong>[\/vc_column_text]<div class=\"porto-portfolios porto-portfoliosabffdafd0f713537b8d3551027d1bbde wpb_content_element \">\n    \n    <div class=\"page-portfolios portfolios-grid clearfix \">\n\n    \n    \n    \n        <div class=\"clearfix  portfolio-row portfolio-row-4 default\">\n\n    \n    \t<article class=\"portfolio portfolio-grid portfolio-col-4 museo salas post-510 type-portfolio status-publish has-post-thumbnail hentry portfolio_cat-museo portfolio_cat-salas\">\n\t\t<span class=\"entry-title\" style=\"display: none;\">Museo<\/span><span class=\"vcard\" style=\"display: none;\"><span class=\"fn\"><a href=\"http:\/\/www.institutomagnasco.org.ar\/?author=2\" title=\"Entradas de Jesus Regazzi\" rel=\"author\">Jesus Regazzi<\/a><\/span><\/span><span class=\"updated\" style=\"display:none\">2019-05-20T13:58:07+00:00<\/span>\t\t<div class=\"portfolio-item default\">\n\t\t\t\t\t\t\n\t\t\t<a class=\"text-decoration-none portfolio-link\" href=\"http:\/\/www.institutomagnasco.org.ar\/?portfolio=museo\">\n\t\t\t\t<span class=\"thumb-info thumb-info-lighten\">\n\t\t\t\t\t<span class=\"thumb-info-wrapper\">\n\t\t\t\t\t\t\n\t\t\t\t\t\t\t\t\t\t\t\t\t\t\t<img loading=\"lazy\" decoding=\"async\" class=\"img-responsive\" width=\"367\" height=\"367\" src=\"http:\/\/www.institutomagnasco.org.ar\/wp-content\/uploads\/2019\/01\/museo2-367x367.jpg\" alt=\"\" \/>\n\t\t\t\t\t\t\t\t\t\t\t\t\t\t\t\t\n\t\t\t\t\t\t\t\t\t\t\t\t\n\t\t\t\t\t\t\n\t\t\t\t\t\t\t\t\t\t\t   \n\t\t\t\t\t\t\t\t\t\t\t\t\t\t\n\t\t\t\t\t\t\t\t\t<span class=\"thumb-info-title\">\n\t\t\t\n\t\t\t\t\t\t\t\t\t\t<span class=\"thumb-info-inner\">Museo<\/span>\n\t\t\t\n\t\t\t\t\t\t\t\t\t\t\t\t\t\n\t\t\t\t\t\t\t\t\t\t\t<span class=\"thumb-info-type\">Museo, Salas<\/span>\n\t\t\t\n\t\t\t\t\t\t\t\t\t\t\t\t\t\n\t\t\t\t\t\t\t\t\t<\/span>\n\t\t\t\t\t\t\t\t\t\t\t\t\t\t\t\t\t\t\t\t\t\t\t\t\t\t<span class=\"thumb-info-action\">\n\t\t\t\t\t\t\t\t\t\t\t\t\t\t\t\t\t<span class=\"thumb-info-action-icon thumb-info-action-icon-primary\"><i class=\"fa fa-link\"><\/i><\/span>\n\t\t\t\t\t\t\t\t\t\t\t\t\t\t\t\t\t\t\t\t\t\t\t<\/span>\n\t\t\t\t\t\t\t\t\t\t\t\t\t\t\t\t\t<\/span>\n\t\t\t\t<\/span>\n\t\t\t<\/a>\n\t\t\t\t\t<\/div>\n\t<\/article>\n\t<article class=\"portfolio portfolio-grid portfolio-col-4 museo salas post-508 type-portfolio status-publish has-post-thumbnail hentry portfolio_cat-museo portfolio_cat-salas\">\n\t\t<span class=\"entry-title\" style=\"display: none;\">Galer\u00eda de Arte<\/span><span class=\"vcard\" style=\"display: none;\"><span class=\"fn\"><a href=\"http:\/\/www.institutomagnasco.org.ar\/?author=2\" title=\"Entradas de Jesus Regazzi\" rel=\"author\">Jesus Regazzi<\/a><\/span><\/span><span class=\"updated\" style=\"display:none\">2019-05-20T13:59:09+00:00<\/span>\t\t<div class=\"portfolio-item default\">\n\t\t\t\t\t\t\n\t\t\t<a class=\"text-decoration-none portfolio-link\" href=\"http:\/\/www.institutomagnasco.org.ar\/?portfolio=galeria-de-arte\">\n\t\t\t\t<span class=\"thumb-info thumb-info-lighten\">\n\t\t\t\t\t<span class=\"thumb-info-wrapper\">\n\t\t\t\t\t\t\n\t\t\t\t\t\t\t\t\t\t\t\t\t\t\t<img loading=\"lazy\" decoding=\"async\" class=\"img-responsive\" width=\"367\" height=\"367\" src=\"http:\/\/www.institutomagnasco.org.ar\/wp-content\/uploads\/2019\/01\/galeriaarte-367x367.jpg\" alt=\"\" \/>\n\t\t\t\t\t\t\t\t\t\t\t\t\t\t\t\t\n\t\t\t\t\t\t\t\t\t\t\t\t\n\t\t\t\t\t\t\n\t\t\t\t\t\t\t\t\t\t\t   \n\t\t\t\t\t\t\t\t\t\t\t\t\t\t\n\t\t\t\t\t\t\t\t\t<span class=\"thumb-info-title\">\n\t\t\t\n\t\t\t\t\t\t\t\t\t\t<span class=\"thumb-info-inner\">Galer\u00eda de Arte<\/span>\n\t\t\t\n\t\t\t\t\t\t\t\t\t\t\t\t\t\n\t\t\t\t\t\t\t\t\t\t\t<span class=\"thumb-info-type\">Museo, Salas<\/span>\n\t\t\t\n\t\t\t\t\t\t\t\t\t\t\t\t\t\n\t\t\t\t\t\t\t\t\t<\/span>\n\t\t\t\t\t\t\t\t\t\t\t\t\t\t\t\t\t\t\t\t\t\t\t\t\t\t<span class=\"thumb-info-action\">\n\t\t\t\t\t\t\t\t\t\t\t\t\t\t\t\t\t<span class=\"thumb-info-action-icon thumb-info-action-icon-primary\"><i class=\"fa fa-link\"><\/i><\/span>\n\t\t\t\t\t\t\t\t\t\t\t\t\t\t\t\t\t\t\t\t\t\t\t<\/span>\n\t\t\t\t\t\t\t\t\t\t\t\t\t\t\t\t\t<\/span>\n\t\t\t\t<\/span>\n\t\t\t<\/a>\n\t\t\t\t\t<\/div>\n\t<\/article>\n\t<article class=\"portfolio portfolio-grid portfolio-col-4 museo salas post-506 type-portfolio status-publish has-post-thumbnail hentry portfolio_cat-museo portfolio_cat-salas\">\n\t\t<span class=\"entry-title\" style=\"display: none;\">Salas muse\u00edsticas<\/span><span class=\"vcard\" style=\"display: none;\"><span class=\"fn\"><a href=\"http:\/\/www.institutomagnasco.org.ar\/?author=2\" title=\"Entradas de Jesus Regazzi\" rel=\"author\">Jesus Regazzi<\/a><\/span><\/span><span class=\"updated\" style=\"display:none\">2019-05-20T14:27:54+00:00<\/span>\t\t<div class=\"portfolio-item default\">\n\t\t\t\t\t\t\n\t\t\t<a class=\"text-decoration-none portfolio-link\" href=\"http:\/\/www.institutomagnasco.org.ar\/?portfolio=salas-museisticas\">\n\t\t\t\t<span class=\"thumb-info thumb-info-lighten\">\n\t\t\t\t\t<span class=\"thumb-info-wrapper\">\n\t\t\t\t\t\t\n\t\t\t\t\t\t\t\t\t\t\t\t\t\t\t<img loading=\"lazy\" decoding=\"async\" class=\"img-responsive\" width=\"367\" height=\"367\" src=\"http:\/\/www.institutomagnasco.org.ar\/wp-content\/uploads\/2019\/01\/salamuseisticas-367x367.jpg\" alt=\"\" \/>\n\t\t\t\t\t\t\t\t\t\t\t\t\t\t\t\t\n\t\t\t\t\t\t\t\t\t\t\t\t\n\t\t\t\t\t\t\n\t\t\t\t\t\t\t\t\t\t\t   \n\t\t\t\t\t\t\t\t\t\t\t\t\t\t\n\t\t\t\t\t\t\t\t\t<span class=\"thumb-info-title\">\n\t\t\t\n\t\t\t\t\t\t\t\t\t\t<span class=\"thumb-info-inner\">Salas muse\u00edsticas<\/span>\n\t\t\t\n\t\t\t\t\t\t\t\t\t\t\t\t\t\n\t\t\t\t\t\t\t\t\t\t\t<span class=\"thumb-info-type\">Museo, Salas<\/span>\n\t\t\t\n\t\t\t\t\t\t\t\t\t\t\t\t\t\n\t\t\t\t\t\t\t\t\t<\/span>\n\t\t\t\t\t\t\t\t\t\t\t\t\t\t\t\t\t\t\t\t\t\t\t\t\t\t<span class=\"thumb-info-action\">\n\t\t\t\t\t\t\t\t\t\t\t\t\t\t\t\t\t<span class=\"thumb-info-action-icon thumb-info-action-icon-primary\"><i class=\"fa fa-link\"><\/i><\/span>\n\t\t\t\t\t\t\t\t\t\t\t\t\t\t\t\t\t\t\t\t\t\t\t<\/span>\n\t\t\t\t\t\t\t\t\t\t\t\t\t\t\t\t\t<\/span>\n\t\t\t\t<\/span>\n\t\t\t<\/a>\n\t\t\t\t\t<\/div>\n\t<\/article>\n\t<article class=\"portfolio portfolio-grid portfolio-col-4 archivo biblioteca post-504 type-portfolio status-publish has-post-thumbnail hentry portfolio_cat-archivo portfolio_cat-biblioteca\">\n\t\t<span class=\"entry-title\" style=\"display: none;\">Biblioteca Popular Olegario V. Andrade<\/span><span class=\"vcard\" style=\"display: none;\"><span class=\"fn\"><a href=\"http:\/\/www.institutomagnasco.org.ar\/?author=2\" title=\"Entradas de Jesus Regazzi\" rel=\"author\">Jesus Regazzi<\/a><\/span><\/span><span class=\"updated\" style=\"display:none\">2019-05-20T13:59:56+00:00<\/span>\t\t<div class=\"portfolio-item default\">\n\t\t\t\t\t\t\n\t\t\t<a class=\"text-decoration-none portfolio-link\" href=\"http:\/\/www.institutomagnasco.org.ar\/?portfolio=boblioteca-popular-olegario-v-andrade\">\n\t\t\t\t<span class=\"thumb-info thumb-info-lighten\">\n\t\t\t\t\t<span class=\"thumb-info-wrapper\">\n\t\t\t\t\t\t\n\t\t\t\t\t\t\t\t\t\t\t\t\t\t\t<img loading=\"lazy\" decoding=\"async\" class=\"img-responsive\" width=\"367\" height=\"367\" src=\"http:\/\/www.institutomagnasco.org.ar\/wp-content\/uploads\/2019\/01\/blibliopopular-367x367.jpg\" alt=\"\" \/>\n\t\t\t\t\t\t\t\t\t\t\t\t\t\t\t\t\n\t\t\t\t\t\t\t\t\t\t\t\t\n\t\t\t\t\t\t\n\t\t\t\t\t\t\t\t\t\t\t   \n\t\t\t\t\t\t\t\t\t\t\t\t\t\t\n\t\t\t\t\t\t\t\t\t<span class=\"thumb-info-title\">\n\t\t\t\n\t\t\t\t\t\t\t\t\t\t<span class=\"thumb-info-inner\">Biblioteca Popular Olegario V. Andrade<\/span>\n\t\t\t\n\t\t\t\t\t\t\t\t\t\t\t\t\t\n\t\t\t\t\t\t\t\t\t\t\t<span class=\"thumb-info-type\">Archivo, Biblioteca<\/span>\n\t\t\t\n\t\t\t\t\t\t\t\t\t\t\t\t\t\n\t\t\t\t\t\t\t\t\t<\/span>\n\t\t\t\t\t\t\t\t\t\t\t\t\t\t\t\t\t\t\t\t\t\t\t\t\t\t<span class=\"thumb-info-action\">\n\t\t\t\t\t\t\t\t\t\t\t\t\t\t\t\t\t<span class=\"thumb-info-action-icon thumb-info-action-icon-primary\"><i class=\"fa fa-link\"><\/i><\/span>\n\t\t\t\t\t\t\t\t\t\t\t\t\t\t\t\t\t\t\t\t\t\t\t<\/span>\n\t\t\t\t\t\t\t\t\t\t\t\t\t\t\t\t\t<\/span>\n\t\t\t\t<\/span>\n\t\t\t<\/a>\n\t\t\t\t\t<\/div>\n\t<\/article>\n\t\n\t\t\n    \n        <\/div>\n\n    \n    \n    <\/div>\n\n    \n    \n    <\/div>[\/vc_column][\/vc_row][vc_row full_width=&#8221;stretch_row&#8221; content_placement=&#8221;middle&#8221; css=&#8221;.vc_custom_1558358501586{background-color: #bfb592 !important;}&#8221;][vc_column][vc_column_text]<\/p>\n<div data-vc-full-width=\"true\" data-vc-full-width-init=\"true\"><span style=\"color: #bfb592; font-size: 20px;\">.<\/span><\/div>\n<div class=\"vc_hidden\" style=\"text-align: center;\" data-vc-full-width=\"true\" data-vc-full-width-init=\"true\"><span style=\"color: #000000; font-size: 18px;\">Los interesados pueden realizar visitas guiadas los d\u00edas h\u00e1biles, de 16 a 20.\u00a0<\/span><\/div>\n<div class=\"vc_hidden\" style=\"text-align: center;\" data-vc-full-width=\"true\" data-vc-full-width-init=\"true\"><span style=\"color: #000000; font-size: 18px;\">Para coordinar otro horario puede comunicarse al tel\u00e9fono de la instituci\u00f3n (03446) 42 7287<\/span><\/div>\n<div class=\"vc_hidden\" style=\"text-align: center;\" data-vc-full-width=\"true\" data-vc-full-width-init=\"true\"><span style=\"color: #000000; font-size: 18px;\">o a los tel\u00e9fonos particulares (03446) 42 7931 y 42 3708.<\/span><\/div>\n<div class=\"vc_hidden\" style=\"text-align: center;\" data-vc-full-width=\"true\" data-vc-full-width-init=\"true\"><span style=\"color: #000000; font-size: 18px;\">Se realizan recorridos especiales para las escuelas.<\/span><\/div>\n<p>[\/vc_column_text][\/vc_column][\/vc_row][vc_row full_width=&#8221;stretch_row&#8221; content_placement=&#8221;middle&#8221;][vc_column][vc_column_text]<\/p>\n<p><span style=\"font-size: 20px;\"><strong>Hitos<\/strong>\u00a0<strong>de nuestra historia<\/strong><\/span><\/p>\n<p>[\/vc_column_text][vc_single_image image=&#8221;1076&#8243; img_size=&#8221;full&#8221; alignment=&#8221;center&#8221; onclick=&#8221;zoom&#8221; css_animation=&#8221;bounceIn&#8221;][vc_single_image image=&#8221;1209&#8243; img_size=&#8221;full&#8221; alignment=&#8221;center&#8221; onclick=&#8221;zoom&#8221; css_animation=&#8221;bounceIn&#8221;][vc_single_image image=&#8221;1074&#8243; img_size=&#8221;full&#8221; alignment=&#8221;center&#8221; onclick=&#8221;zoom&#8221; css_animation=&#8221;bounceIn&#8221;][vc_empty_space height=&#8221;10px&#8221;][\/vc_column][\/vc_row][vc_row][vc_column][vc_single_image image=&#8221;1210&#8243; img_size=&#8221;full&#8221; alignment=&#8221;center&#8221; onclick=&#8221;zoom&#8221; css_animation=&#8221;bounceIn&#8221;][\/vc_column][\/vc_row]<\/p>\n<!-- \/wp:post-content -->","protected":false},"excerpt":{"rendered":"<p>[vc_row][vc_column][vc_column_text]El\u00a0Instituto\u00a0 El Instituto es un complejo cultural privado, sin fines de lucro, fundado el 19 de junio 1898 por iniciativa de dos j\u00f3venes educadoras: Camila Nievas y Luisa Bugnone. En 1920, a la muerte del Dr. Osvaldo Magnasco -orador, escritor, legislador y ministro de Justicia e Instrucci\u00f3n P\u00fablica-, hijo de Gualeguaych\u00fa y benefactor de la [&hellip;]<\/p>\n","protected":false},"author":2,"featured_media":0,"parent":0,"menu_order":0,"comment_status":"closed","ping_status":"closed","template":"","meta":{"footnotes":""},"class_list":["post-135","page","type-page","status-publish","hentry"],"_links":{"self":[{"href":"http:\/\/www.institutomagnasco.org.ar\/index.php?rest_route=\/wp\/v2\/pages\/135","targetHints":{"allow":["GET"]}}],"collection":[{"href":"http:\/\/www.institutomagnasco.org.ar\/index.php?rest_route=\/wp\/v2\/pages"}],"about":[{"href":"http:\/\/www.institutomagnasco.org.ar\/index.php?rest_route=\/wp\/v2\/types\/page"}],"author":[{"embeddable":true,"href":"http:\/\/www.institutomagnasco.org.ar\/index.php?rest_route=\/wp\/v2\/users\/2"}],"replies":[{"embeddable":true,"href":"http:\/\/www.institutomagnasco.org.ar\/index.php?rest_route=%2Fwp%2Fv2%2Fcomments&post=135"}],"version-history":[{"count":53,"href":"http:\/\/www.institutomagnasco.org.ar\/index.php?rest_route=\/wp\/v2\/pages\/135\/revisions"}],"predecessor-version":[{"id":1235,"href":"http:\/\/www.institutomagnasco.org.ar\/index.php?rest_route=\/wp\/v2\/pages\/135\/revisions\/1235"}],"wp:attachment":[{"href":"http:\/\/www.institutomagnasco.org.ar\/index.php?rest_route=%2Fwp%2Fv2%2Fmedia&parent=135"}],"curies":[{"name":"wp","href":"https:\/\/api.w.org\/{rel}","templated":true}]}}