{"id":728,"date":"2019-01-17T13:17:30","date_gmt":"2019-01-17T13:17:30","guid":{"rendered":"http:\/\/server2web.com\/magnasco\/?page_id=728"},"modified":"2019-05-18T12:39:35","modified_gmt":"2019-05-18T12:39:35","slug":"home-2","status":"publish","type":"page","link":"http:\/\/www.institutomagnasco.org.ar\/","title":{"rendered":"HOME"},"content":{"rendered":"<p>[vc_row full_width=&#8221;stretch_row&#8221; css=&#8221;.vc_custom_1552086590271{background-color: #efede3 !important;}&#8221;][vc_column css_animation=&#8221;top-to-bottom&#8221; width=&#8221;1\/3&#8243; offset=&#8221;vc_col-lg-offset-0 vc_col-md-offset-0&#8243;][vc_column_text]<\/p>\n<div class=\"wp-block-column\">\n<h2><span style=\"color: #800000;\">El<\/span><strong><span style=\"color: #800000;\"> Magnasco<\/span><br \/>\n<\/strong><\/h2>\n<p>El complejo cultural Instituto Magnasco est\u00e1 ubicado en Gualeguaych\u00fa (ER), Argentina. Es la primera biblioteca del pa\u00eds creada por mujeres. Fundado en 1898, es un museo hist\u00f3rico con tesoros art\u00edsticos y bibliogr\u00e1ficos. Cuenta con Galer\u00eda de Arte, Biblioteca Popular, Archivo Hist\u00f3rico, Pinacoteca, Hemeroteca, Sal\u00f3n Auditorio, siete salas muse\u00edsticas, Anfiteatro y la Escuela N\u00b0 46 de Capacitaci\u00f3n Laboral Camila Nievas.<\/p><\/div>\n<p>[\/vc_column_text][\/vc_column][vc_column width=&#8221;1\/3&#8243;][vc_column_text]<\/p>\n<h2>Sobre<strong> nosotros<\/strong><\/h2>\n<p><strong><img loading=\"lazy\" decoding=\"async\" class=\"wp-image-714 alignleft\" src=\"\/wp-content\/uploads\/2019\/01\/\u00edcono-\u00e1reas.png\" alt=\"\" height=\"40\" width=\"40\" srcset=\"http:\/\/www.institutomagnasco.org.ar\/wp-content\/uploads\/2019\/01\/\u00edcono-\u00e1reas.png 158w, http:\/\/www.institutomagnasco.org.ar\/wp-content\/uploads\/2019\/01\/\u00edcono-\u00e1reas-150x150.png 150w, http:\/\/www.institutomagnasco.org.ar\/wp-content\/uploads\/2019\/01\/\u00edcono-\u00e1reas-85x85.png 85w, http:\/\/www.institutomagnasco.org.ar\/wp-content\/uploads\/2019\/01\/\u00edcono-\u00e1reas-50x50.png 50w\" sizes=\"auto, (max-width: 40px) 100vw, 40px\" \/> \u00c1reas<\/strong><\/p>\n<p style=\"padding-left: 60px;\">Complejo cultural con una historia de 120 a\u00f1os. Arte, ense\u00f1anza, informaci\u00f3n y memoria de nuestro pueblo.<\/p>\n<p><strong><img loading=\"lazy\" decoding=\"async\" class=\"wp-image-716 alignleft\" src=\"\/wp-content\/uploads\/2019\/01\/\u00edcono-Magn-de-Puertas-Abiertas.png\" alt=\"\" height=\"40\" width=\"40\" srcset=\"http:\/\/www.institutomagnasco.org.ar\/wp-content\/uploads\/2019\/01\/\u00edcono-Magn-de-Puertas-Abiertas.png 158w, http:\/\/www.institutomagnasco.org.ar\/wp-content\/uploads\/2019\/01\/\u00edcono-Magn-de-Puertas-Abiertas-150x150.png 150w, http:\/\/www.institutomagnasco.org.ar\/wp-content\/uploads\/2019\/01\/\u00edcono-Magn-de-Puertas-Abiertas-85x85.png 85w, http:\/\/www.institutomagnasco.org.ar\/wp-content\/uploads\/2019\/01\/\u00edcono-Magn-de-Puertas-Abiertas-50x50.png 50w\" sizes=\"auto, (max-width: 40px) 100vw, 40px\" \/>Magnasco de puertas abiertas<\/strong><\/p>\n<p style=\"padding-left: 60px;\">Alquiler de instalaciones para espect\u00e1culos, capacitaciones y presentaciones.<\/p>\n<p>[\/vc_column_text][\/vc_column][vc_column width=&#8221;1\/3&#8243;][vc_column_text]<strong><img loading=\"lazy\" decoding=\"async\" class=\" wp-image-713 alignleft\" src=\"\/magnasco\/wp-content\/uploads\/2019\/01\/\u00edcono-visitas-guiadas.png\" alt=\"\" width=\"38\" height=\"38\" srcset=\"http:\/\/www.institutomagnasco.org.ar\/wp-content\/uploads\/2019\/01\/\u00edcono-visitas-guiadas.png 158w, http:\/\/www.institutomagnasco.org.ar\/wp-content\/uploads\/2019\/01\/\u00edcono-visitas-guiadas-150x150.png 150w, http:\/\/www.institutomagnasco.org.ar\/wp-content\/uploads\/2019\/01\/\u00edcono-visitas-guiadas-85x85.png 85w, http:\/\/www.institutomagnasco.org.ar\/wp-content\/uploads\/2019\/01\/\u00edcono-visitas-guiadas-50x50.png 50w\" sizes=\"auto, (max-width: 38px) 100vw, 38px\" \/>Visitas guiadas<br \/>\n<\/strong><\/p>\n<p style=\"padding-left: 60px;\">Generamos visitas a medida. Recorridos especiales para grupos reducidos y amplios.<\/p>\n<p><strong><img loading=\"lazy\" decoding=\"async\" class=\"wp-image-715 alignleft\" src=\"\/wp-content\/uploads\/2019\/01\/\u00edcono-Club-de-amigos.png\" alt=\"\" width=\"40\" height=\"40\" srcset=\"http:\/\/www.institutomagnasco.org.ar\/wp-content\/uploads\/2019\/01\/\u00edcono-Club-de-amigos.png 158w, http:\/\/www.institutomagnasco.org.ar\/wp-content\/uploads\/2019\/01\/\u00edcono-Club-de-amigos-150x150.png 150w, http:\/\/www.institutomagnasco.org.ar\/wp-content\/uploads\/2019\/01\/\u00edcono-Club-de-amigos-85x85.png 85w, http:\/\/www.institutomagnasco.org.ar\/wp-content\/uploads\/2019\/01\/\u00edcono-Club-de-amigos-50x50.png 50w\" sizes=\"auto, (max-width: 40px) 100vw, 40px\" \/>Club de amigos<\/strong><\/p>\n<p style=\"padding-left: 60px;\">Gracias a la colaboraci\u00f3n de socios benefactores y adherentes seguimos creciendo.<\/p>\n<p>[\/vc_column_text][\/vc_column][\/vc_row][vc_row full_width=&#8221;stretch_row_content&#8221; content_placement=&#8221;middle&#8221; text_align=&#8221;center&#8221; css=&#8221;.vc_custom_1552341166911{background-color: #bfb593 !important;background-position: 0 0 !important;background-repeat: repeat !important;}&#8221;][vc_column offset=&#8221;vc_col-lg-offset-0 vc_col-lg-12&#8243; css=&#8221;.vc_custom_1552087359886{background-color: #bfb593 !important;background-position: center !important;background-repeat: no-repeat !important;background-size: cover !important;}&#8221;][vc_column_text css=&#8221;.vc_custom_1553009398804{background-position: 0 0 !important;background-repeat: repeat !important;}&#8221;]<\/p>\n<p style=\"text-align: center;\"><span style=\"font-size: 21px; color: #ffffff;\"><strong>Organismos e instituciones<\/strong> con los que interactuamos<\/span><\/p>\n<p>[\/vc_column_text][\/vc_column][\/vc_row][vc_row][vc_column][\/vc_column][\/vc_row][vc_row][vc_column]<div class=\"porto-recent-posts wpb_content_element \">    <div class=\"row\">\n        <div class=\"post-carousel porto-carousel owl-carousel\" data-plugin-options=\"{&quot;themeConfig&quot;:true,&quot;lg&quot;:3,&quot;md&quot;:3,&quot;sm&quot;:3}\">\n            <div class=\"post-slide\"><div class=\"post-item\">\n    <a href=\"http:\/\/www.institutomagnasco.org.ar\/?p=1431\"> <span class=\"post-image thumb-info thumb-info-hide-wrapper-bg m-b-md\"> <span class=\"thumb-info-wrapper\"> <img loading=\"lazy\" decoding=\"async\" class=\"img-responsive\" width=\"450\" height=\"231\" src=\"http:\/\/www.institutomagnasco.org.ar\/wp-content\/uploads\/2022\/04\/IMG-20220413-WA0039-450x231.jpg\" alt=\"\" \/>\n    <span class=\"zoom\" data-src=\"http:\/\/www.institutomagnasco.org.ar\/wp-content\/uploads\/2022\/04\/IMG-20220413-WA0039.jpg\" data-title=\"\"><i class=\"fa fa-search\"><\/i><\/span>\n    <\/span> <\/span> <\/a>\n    <div class=\"post-date\">\n            <span class=\"day\">19<\/span>\n        <span class=\"month\">Abr<\/span>\n          <\/div>\n    <h4><a href=\"http:\/\/www.institutomagnasco.org.ar\/?p=1431\">\n    Presentaci\u00f3n del libro    <\/a><\/h4>\n    <p class=\"post-excerpt\">\nA cargo del profesor Eduardo Nocera\n <a class=\"read-more\" href=\"http:\/\/www.institutomagnasco.org.ar\/?p=1431\">read more <i class=\"fa fa-angle-right\"><\/i><\/a><\/p> <\/div>\n<\/div><div class=\"post-slide\"><div class=\"post-item\">\n    <div class=\"post-date\">\n            <span class=\"day\">12<\/span>\n        <span class=\"month\">Mar<\/span>\n          <\/div>\n    <h4><a href=\"http:\/\/www.institutomagnasco.org.ar\/?p=1427\">\n    Cursos en el Magnasco&#8230;    <\/a><\/h4>\n    <p class=\"post-excerpt\">\n\n <a class=\"read-more\" href=\"http:\/\/www.institutomagnasco.org.ar\/?p=1427\">read more <i class=\"fa fa-angle-right\"><\/i><\/a><\/p> <\/div>\n<\/div><div class=\"post-slide\"><div class=\"post-item\">\n    <a href=\"http:\/\/www.institutomagnasco.org.ar\/?p=1420\"> <span class=\"post-image thumb-info thumb-info-hide-wrapper-bg m-b-md\"> <span class=\"thumb-info-wrapper\"> <img loading=\"lazy\" decoding=\"async\" class=\"img-responsive\" width=\"450\" height=\"231\" src=\"http:\/\/www.institutomagnasco.org.ar\/wp-content\/uploads\/2021\/02\/IMG-20210223-WA0068-450x231.jpg\" alt=\"\" \/>\n    <span class=\"zoom\" data-src=\"http:\/\/www.institutomagnasco.org.ar\/wp-content\/uploads\/2021\/02\/IMG-20210223-WA0068.jpg\" data-title=\"\"><i class=\"fa fa-search\"><\/i><\/span>\n    <\/span> <\/span> <\/a>\n    <div class=\"post-date\">\n            <span class=\"day\">23<\/span>\n        <span class=\"month\">Feb<\/span>\n          <\/div>\n    <h4><a href=\"http:\/\/www.institutomagnasco.org.ar\/?p=1420\">\n    Cursos&#8230;    <\/a><\/h4>\n    <p class=\"post-excerpt\"> <a class=\"read-more\" href=\"http:\/\/www.institutomagnasco.org.ar\/?p=1420\">read more <i class=\"fa fa-angle-right\"><\/i><\/a><\/p> <\/div>\n<\/div>        <\/div>\n    <\/div>\n    <\/div>[\/vc_column][\/vc_row][vc_row][vc_column][\/vc_column][\/vc_row][vc_row][vc_column][\/vc_column][\/vc_row]<\/p>\n","protected":false},"excerpt":{"rendered":"<p>[vc_row full_width=&#8221;stretch_row&#8221; css=&#8221;.vc_custom_1552086590271{background-color: #efede3 !important;}&#8221;][vc_column css_animation=&#8221;top-to-bottom&#8221; width=&#8221;1\/3&#8243; offset=&#8221;vc_col-lg-offset-0 vc_col-md-offset-0&#8243;][vc_column_text] El Magnasco El complejo cultural Instituto Magnasco est\u00e1 ubicado en Gualeguaych\u00fa (ER), Argentina. Es la primera biblioteca del pa\u00eds creada por mujeres. Fundado en 1898, es un museo hist\u00f3rico con tesoros art\u00edsticos y bibliogr\u00e1ficos. Cuenta con Galer\u00eda de Arte, Biblioteca Popular, Archivo Hist\u00f3rico, Pinacoteca, Hemeroteca, Sal\u00f3n [&hellip;]<\/p>\n","protected":false},"author":2,"featured_media":0,"parent":0,"menu_order":0,"comment_status":"closed","ping_status":"closed","template":"","meta":{"footnotes":""},"class_list":["post-728","page","type-page","status-publish","hentry"],"_links":{"self":[{"href":"http:\/\/www.institutomagnasco.org.ar\/index.php?rest_route=\/wp\/v2\/pages\/728","targetHints":{"allow":["GET"]}}],"collection":[{"href":"http:\/\/www.institutomagnasco.org.ar\/index.php?rest_route=\/wp\/v2\/pages"}],"about":[{"href":"http:\/\/www.institutomagnasco.org.ar\/index.php?rest_route=\/wp\/v2\/types\/page"}],"author":[{"embeddable":true,"href":"http:\/\/www.institutomagnasco.org.ar\/index.php?rest_route=\/wp\/v2\/users\/2"}],"replies":[{"embeddable":true,"href":"http:\/\/www.institutomagnasco.org.ar\/index.php?rest_route=%2Fwp%2Fv2%2Fcomments&post=728"}],"version-history":[{"count":92,"href":"http:\/\/www.institutomagnasco.org.ar\/index.php?rest_route=\/wp\/v2\/pages\/728\/revisions"}],"predecessor-version":[{"id":1230,"href":"http:\/\/www.institutomagnasco.org.ar\/index.php?rest_route=\/wp\/v2\/pages\/728\/revisions\/1230"}],"wp:attachment":[{"href":"http:\/\/www.institutomagnasco.org.ar\/index.php?rest_route=%2Fwp%2Fv2%2Fmedia&parent=728"}],"curies":[{"name":"wp","href":"https:\/\/api.w.org\/{rel}","templated":true}]}}

<p>[vc_row full_width=&#8221;stretch_row&#8221; css=&#8221;.vc_custom_1552086590271{background-color: #efede3 !important;}&#8221;][vc_column css_animation=&#8221;top-to-bottom&#8221; width=&#8221;1/3&#8243; offset=&#8221;vc_col-lg-offset-0 vc_col-md-offset-0&#8243;][vc_column_text]</p>
<div class="wp-block-column">
<h2><span style="color: #800000;">El</span><strong><span style="color: #800000;"> Magnasco</span><br />
</strong></h2>
<p>El complejo cultural Instituto Magnasco está ubicado en Gualeguaychú (ER), Argentina. Es la primera biblioteca del país creada por mujeres. Fundado en 1898, es un museo histórico con tesoros artísticos y bibliográficos. Cuenta con Galería de Arte, Biblioteca Popular, Archivo Histórico, Pinacoteca, Hemeroteca, Salón Auditorio, siete salas museísticas, Anfiteatro y la Escuela N° 46 de Capacitación Laboral Camila Nievas.</p></div>
<p>[/vc_column_text][/vc_column][vc_column width=&#8221;1/3&#8243;][vc_column_text]</p>
<h2>Sobre<strong> nosotros</strong></h2>
<p><strong><img loading="lazy" decoding="async" class="wp-image-714 alignleft" src="/wp-content/uploads/2019/01/ícono-áreas.png" alt="" height="40" width="40" srcset="http://www.institutomagnasco.org.ar/wp-content/uploads/2019/01/ícono-áreas.png 158w, http://www.institutomagnasco.org.ar/wp-content/uploads/2019/01/ícono-áreas-150x150.png 150w, http://www.institutomagnasco.org.ar/wp-content/uploads/2019/01/ícono-áreas-85x85.png 85w, http://www.institutomagnasco.org.ar/wp-content/uploads/2019/01/ícono-áreas-50x50.png 50w" sizes="auto, (max-width: 40px) 100vw, 40px" /> Áreas</strong></p>
<p style="padding-left: 60px;">Complejo cultural con una historia de 120 años. Arte, enseñanza, información y memoria de nuestro pueblo.</p>
<p><strong><img loading="lazy" decoding="async" class="wp-image-716 alignleft" src="/wp-content/uploads/2019/01/ícono-Magn-de-Puertas-Abiertas.png" alt="" height="40" width="40" srcset="http://www.institutomagnasco.org.ar/wp-content/uploads/2019/01/ícono-Magn-de-Puertas-Abiertas.png 158w, http://www.institutomagnasco.org.ar/wp-content/uploads/2019/01/ícono-Magn-de-Puertas-Abiertas-150x150.png 150w, http://www.institutomagnasco.org.ar/wp-content/uploads/2019/01/ícono-Magn-de-Puertas-Abiertas-85x85.png 85w, http://www.institutomagnasco.org.ar/wp-content/uploads/2019/01/ícono-Magn-de-Puertas-Abiertas-50x50.png 50w" sizes="auto, (max-width: 40px) 100vw, 40px" />Magnasco de puertas abiertas</strong></p>
<p style="padding-left: 60px;">Alquiler de instalaciones para espectáculos, capacitaciones y presentaciones.</p>
<p>[/vc_column_text][/vc_column][vc_column width=&#8221;1/3&#8243;][vc_column_text]<strong><img loading="lazy" decoding="async" class=" wp-image-713 alignleft" src="/magnasco/wp-content/uploads/2019/01/ícono-visitas-guiadas.png" alt="" width="38" height="38" srcset="http://www.institutomagnasco.org.ar/wp-content/uploads/2019/01/ícono-visitas-guiadas.png 158w, http://www.institutomagnasco.org.ar/wp-content/uploads/2019/01/ícono-visitas-guiadas-150x150.png 150w, http://www.institutomagnasco.org.ar/wp-content/uploads/2019/01/ícono-visitas-guiadas-85x85.png 85w, http://www.institutomagnasco.org.ar/wp-content/uploads/2019/01/ícono-visitas-guiadas-50x50.png 50w" sizes="auto, (max-width: 38px) 100vw, 38px" />Visitas guiadas<br />
</strong></p>
<p style="padding-left: 60px;">Generamos visitas a medida. Recorridos especiales para grupos reducidos y amplios.</p>
<p><strong><img loading="lazy" decoding="async" class="wp-image-715 alignleft" src="/wp-content/uploads/2019/01/ícono-Club-de-amigos.png" alt="" width="40" height="40" srcset="http://www.institutomagnasco.org.ar/wp-content/uploads/2019/01/ícono-Club-de-amigos.png 158w, http://www.institutomagnasco.org.ar/wp-content/uploads/2019/01/ícono-Club-de-amigos-150x150.png 150w, http://www.institutomagnasco.org.ar/wp-content/uploads/2019/01/ícono-Club-de-amigos-85x85.png 85w, http://www.institutomagnasco.org.ar/wp-content/uploads/2019/01/ícono-Club-de-amigos-50x50.png 50w" sizes="auto, (max-width: 40px) 100vw, 40px" />Club de amigos</strong></p>
<p style="padding-left: 60px;">Gracias a la colaboración de socios benefactores y adherentes seguimos creciendo.</p>
<p>[/vc_column_text][/vc_column][/vc_row][vc_row full_width=&#8221;stretch_row_content&#8221; content_placement=&#8221;middle&#8221; text_align=&#8221;center&#8221; css=&#8221;.vc_custom_1552341166911{background-color: #bfb593 !important;background-position: 0 0 !important;background-repeat: repeat !important;}&#8221;][vc_column offset=&#8221;vc_col-lg-offset-0 vc_col-lg-12&#8243; css=&#8221;.vc_custom_1552087359886{background-color: #bfb593 !important;background-position: center !important;background-repeat: no-repeat !important;background-size: cover !important;}&#8221;][vc_column_text css=&#8221;.vc_custom_1553009398804{background-position: 0 0 !important;background-repeat: repeat !important;}&#8221;]</p>
<p style="text-align: center;"><span style="font-size: 21px; color: #ffffff;"><strong>Organismos e instituciones</strong> con los que interactuamos</span></p>
<p>[/vc_column_text][/vc_column][/vc_row][vc_row][vc_column][/vc_column][/vc_row][vc_row][vc_column]<div class="porto-recent-posts wpb_content_element ">    <div class="row">
        <div class="post-carousel porto-carousel owl-carousel" data-plugin-options="{&quot;themeConfig&quot;:true,&quot;lg&quot;:3,&quot;md&quot;:3,&quot;sm&quot;:3}">
            <div class="post-slide"><div class="post-item">
    <a href="http://www.institutomagnasco.org.ar/?p=1431"> <span class="post-image thumb-info thumb-info-hide-wrapper-bg m-b-md"> <span class="thumb-info-wrapper"> <img loading="lazy" decoding="async" class="img-responsive" width="450" height="231" src="http://www.institutomagnasco.org.ar/wp-content/uploads/2022/04/IMG-20220413-WA0039-450x231.jpg" alt="" />
    <span class="zoom" data-src="http://www.institutomagnasco.org.ar/wp-content/uploads/2022/04/IMG-20220413-WA0039.jpg" data-title=""><i class="fa fa-search"></i></span>
    </span> </span> </a>
    <div class="post-date">
            <span class="day">19</span>
        <span class="month">Abr</span>
          </div>
    <h4><a href="http://www.institutomagnasco.org.ar/?p=1431">
    Presentación del libro    </a></h4>
    <p class="post-excerpt">
A cargo del profesor Eduardo Nocera
 <a class="read-more" href="http://www.institutomagnasco.org.ar/?p=1431">read more <i class="fa fa-angle-right"></i></a></p> </div>
</div><div class="post-slide"><div class="post-item">
    <div class="post-date">
            <span class="day">12</span>
        <span class="month">Mar</span>
          </div>
    <h4><a href="http://www.institutomagnasco.org.ar/?p=1427">
    Cursos en el Magnasco&#8230;    </a></h4>
    <p class="post-excerpt">

 <a class="read-more" href="http://www.institutomagnasco.org.ar/?p=1427">read more <i class="fa fa-angle-right"></i></a></p> </div>
</div><div class="post-slide"><div class="post-item">
    <a href="http://www.institutomagnasco.org.ar/?p=1420"> <span class="post-image thumb-info thumb-info-hide-wrapper-bg m-b-md"> <span class="thumb-info-wrapper"> <img loading="lazy" decoding="async" class="img-responsive" width="450" height="231" src="http://www.institutomagnasco.org.ar/wp-content/uploads/2021/02/IMG-20210223-WA0068-450x231.jpg" alt="" />
    <span class="zoom" data-src="http://www.institutomagnasco.org.ar/wp-content/uploads/2021/02/IMG-20210223-WA0068.jpg" data-title=""><i class="fa fa-search"></i></span>
    </span> </span> </a>
    <div class="post-date">
            <span class="day">23</span>
        <span class="month">Feb</span>
          </div>
    <h4><a href="http://www.institutomagnasco.org.ar/?p=1420">
    Cursos&#8230;    </a></h4>
    <p class="post-excerpt"> <a class="read-more" href="http://www.institutomagnasco.org.ar/?p=1420">read more <i class="fa fa-angle-right"></i></a></p> </div>
</div>        </div>
    </div>
    </div>[/vc_column][/vc_row][vc_row][vc_column][/vc_column][/vc_row][vc_row][vc_column][/vc_column][/vc_row]</p>

<p>[vc_row full_width=&#8221;stretch_row&#8221; css=&#8221;.vc_custom_1552086590271{background-color: #efede3 !important;}&#8221;][vc_column css_animation=&#8221;top-to-bottom&#8221; width=&#8221;1/3&#8243; offset=&#8221;vc_col-lg-offset-0 vc_col-md-offset-0&#8243;][vc_column_text] El Magnasco El complejo cultural Instituto Magnasco está ubicado en Gualeguaychú (ER), Argentina. Es la primera biblioteca del país creada por mujeres. Fundado en 1898, es un museo histórico con tesoros artísticos y bibliográficos. Cuenta con Galería de Arte, Biblioteca Popular, Archivo Histórico, Pinacoteca, Hemeroteca, Salón [&hellip;]</p>
